{"id":694,"date":"2017-07-27T18:31:49","date_gmt":"2017-07-27T16:31:49","guid":{"rendered":"https:\/\/sara-suisse.ch\/home\/produkte\/schraenke-und-regale\/?lang=fr"},"modified":"2024-10-07T09:15:04","modified_gmt":"2024-10-07T07:15:04","slug":"armoires-et-rayonnages","status":"publish","type":"page","link":"https:\/\/sara-suisse.ch\/fr\/home\/produits\/armoires-et-rayonnages\/","title":{"rendered":"Armoires, Vestiaires et Rayonnages"},"content":{"rendered":"","protected":false},"excerpt":{"rendered":"","protected":false},"author":59,"featured_media":0,"parent":682,"menu_order":0,"comment_status":"closed","ping_status":"closed","template":"_produkte.php","meta":{"_acf_changed":false,"_relevanssi_hide_post":"","_relevanssi_hide_content":"","_relevanssi_pin_for_all":"","_relevanssi_pin_keywords":"","_relevanssi_unpin_keywords":"","_relevanssi_related_keywords":"","_relevanssi_related_include_ids":"","_relevanssi_related_exclude_ids":"","_relevanssi_related_no_append":"","_relevanssi_related_not_related":"","_relevanssi_related_posts":"","_relevanssi_noindex_reason":"","footnotes":""},"class_list":["post-694","page","type-page","status-publish","hentry"],"acf":[],"yoast_head":"<!-- This site is optimized with the Yoast SEO plugin v24.8.1 - https:\/\/yoast.com\/wordpress\/plugins\/seo\/ -->\n<title>ARMOIRES ET RAYONNAGES EN M\u00e9TAL SWISS MADE - SARA SA<\/title>\n<meta name=\"description\" content=\"Notre gamme d&#039;armoires garantit ordre et organisation dans tous les environnements de bureau. D\u00e9couvrez tous les mod\u00e8les : \u00e0 rideaux, \u00e0 portes battantes...\" \/>\n<meta name=\"robots\" content=\"index, follow, max-snippet:-1, max-image-preview:large, max-video-preview:-1\" \/>\n<link rel=\"canonical\" href=\"https:\/\/sara-suisse.ch\/fr\/home\/produits\/armoires-et-rayonnages\/\" \/>\n<script type=\"application\/ld+json\" class=\"yoast-schema-graph\">{\"@context\":\"https:\/\/schema.org\",\"@graph\":[{\"@type\":\"WebPage\",\"@id\":\"https:\/\/sara-suisse.ch\/fr\/home\/produits\/armoires-et-rayonnages\/\",\"url\":\"https:\/\/sara-suisse.ch\/fr\/home\/produits\/armoires-et-rayonnages\/\",\"name\":\"ARMOIRES ET RAYONNAGES EN M\u00e9TAL SWISS MADE - SARA SA\",\"isPartOf\":{\"@id\":\"https:\/\/sara-suisse.ch\/#website\"},\"primaryImageOfPage\":{\"@id\":\"https:\/\/sara-suisse.ch\/fr\/home\/produits\/armoires-et-rayonnages\/#primaryimage\"},\"image\":{\"@id\":\"https:\/\/sara-suisse.ch\/fr\/home\/produits\/armoires-et-rayonnages\/#primaryimage\"},\"thumbnailUrl\":\"https:\/\/sara-suisse.ch\/wp-content\/uploads\/2017\/10\/22\/sara_link_post_produkte_bereich_schraenke_und_regale-1200x627.jpg\",\"datePublished\":\"2017-07-27T16:31:49+00:00\",\"dateModified\":\"2024-10-07T07:15:04+00:00\",\"description\":\"Notre gamme d'armoires garantit ordre et organisation dans tous les environnements de bureau. D\u00e9couvrez tous les mod\u00e8les : \u00e0 rideaux, \u00e0 portes battantes...\",\"breadcrumb\":{\"@id\":\"https:\/\/sara-suisse.ch\/fr\/home\/produits\/armoires-et-rayonnages\/#breadcrumb\"},\"inLanguage\":\"fr-FR\",\"potentialAction\":[{\"@type\":\"ReadAction\",\"target\":[\"https:\/\/sara-suisse.ch\/fr\/home\/produits\/armoires-et-rayonnages\/\"]}]},{\"@type\":\"ImageObject\",\"inLanguage\":\"fr-FR\",\"@id\":\"https:\/\/sara-suisse.ch\/fr\/home\/produits\/armoires-et-rayonnages\/#primaryimage\",\"url\":\"https:\/\/sara-suisse.ch\/wp-content\/uploads\/2017\/10\/22\/sara_link_post_produkte_bereich_schraenke_und_regale-1200x627.jpg\",\"contentUrl\":\"https:\/\/sara-suisse.ch\/wp-content\/uploads\/2017\/10\/22\/sara_link_post_produkte_bereich_schraenke_und_regale-1200x627.jpg\"},{\"@type\":\"BreadcrumbList\",\"@id\":\"https:\/\/sara-suisse.ch\/fr\/home\/produits\/armoires-et-rayonnages\/#breadcrumb\",\"itemListElement\":[{\"@type\":\"ListItem\",\"position\":1,\"name\":\"Home\",\"item\":\"https:\/\/sara-suisse.ch\/fr\/\"},{\"@type\":\"ListItem\",\"position\":2,\"name\":\"Produits\",\"item\":\"https:\/\/sara-suisse.ch\/fr\/home\/produits\/\"},{\"@type\":\"ListItem\",\"position\":3,\"name\":\"Armoires, Vestiaires et Rayonnages\"}]},{\"@type\":\"WebSite\",\"@id\":\"https:\/\/sara-suisse.ch\/#website\",\"url\":\"https:\/\/sara-suisse.ch\/\",\"name\":\"sara suisse\",\"description\":\"Swiss Office Style\",\"potentialAction\":[{\"@type\":\"SearchAction\",\"target\":{\"@type\":\"EntryPoint\",\"urlTemplate\":\"https:\/\/sara-suisse.ch\/?s={search_term_string}\"},\"query-input\":{\"@type\":\"PropertyValueSpecification\",\"valueRequired\":true,\"valueName\":\"search_term_string\"}}],\"inLanguage\":\"fr-FR\"}]}<\/script>\n<!-- \/ Yoast SEO plugin. -->","yoast_head_json":{"title":"ARMOIRES ET RAYONNAGES EN M\u00e9TAL SWISS MADE - SARA SA","description":"Notre gamme d'armoires garantit ordre et organisation dans tous les environnements de bureau. D\u00e9couvrez tous les mod\u00e8les : \u00e0 rideaux, \u00e0 portes battantes...","robots":{"index":"index","follow":"follow","max-snippet":"max-snippet:-1","max-image-preview":"max-image-preview:large","max-video-preview":"max-video-preview:-1"},"canonical":"https:\/\/sara-suisse.ch\/fr\/home\/produits\/armoires-et-rayonnages\/","schema":{"@context":"https:\/\/schema.org","@graph":[{"@type":"WebPage","@id":"https:\/\/sara-suisse.ch\/fr\/home\/produits\/armoires-et-rayonnages\/","url":"https:\/\/sara-suisse.ch\/fr\/home\/produits\/armoires-et-rayonnages\/","name":"ARMOIRES ET RAYONNAGES EN M\u00e9TAL SWISS MADE - SARA SA","isPartOf":{"@id":"https:\/\/sara-suisse.ch\/#website"},"primaryImageOfPage":{"@id":"https:\/\/sara-suisse.ch\/fr\/home\/produits\/armoires-et-rayonnages\/#primaryimage"},"image":{"@id":"https:\/\/sara-suisse.ch\/fr\/home\/produits\/armoires-et-rayonnages\/#primaryimage"},"thumbnailUrl":"https:\/\/sara-suisse.ch\/wp-content\/uploads\/2017\/10\/22\/sara_link_post_produkte_bereich_schraenke_und_regale-1200x627.jpg","datePublished":"2017-07-27T16:31:49+00:00","dateModified":"2024-10-07T07:15:04+00:00","description":"Notre gamme d'armoires garantit ordre et organisation dans tous les environnements de bureau. D\u00e9couvrez tous les mod\u00e8les : \u00e0 rideaux, \u00e0 portes battantes...","breadcrumb":{"@id":"https:\/\/sara-suisse.ch\/fr\/home\/produits\/armoires-et-rayonnages\/#breadcrumb"},"inLanguage":"fr-FR","potentialAction":[{"@type":"ReadAction","target":["https:\/\/sara-suisse.ch\/fr\/home\/produits\/armoires-et-rayonnages\/"]}]},{"@type":"ImageObject","inLanguage":"fr-FR","@id":"https:\/\/sara-suisse.ch\/fr\/home\/produits\/armoires-et-rayonnages\/#primaryimage","url":"https:\/\/sara-suisse.ch\/wp-content\/uploads\/2017\/10\/22\/sara_link_post_produkte_bereich_schraenke_und_regale-1200x627.jpg","contentUrl":"https:\/\/sara-suisse.ch\/wp-content\/uploads\/2017\/10\/22\/sara_link_post_produkte_bereich_schraenke_und_regale-1200x627.jpg"},{"@type":"BreadcrumbList","@id":"https:\/\/sara-suisse.ch\/fr\/home\/produits\/armoires-et-rayonnages\/#breadcrumb","itemListElement":[{"@type":"ListItem","position":1,"name":"Home","item":"https:\/\/sara-suisse.ch\/fr\/"},{"@type":"ListItem","position":2,"name":"Produits","item":"https:\/\/sara-suisse.ch\/fr\/home\/produits\/"},{"@type":"ListItem","position":3,"name":"Armoires, Vestiaires et Rayonnages"}]},{"@type":"WebSite","@id":"https:\/\/sara-suisse.ch\/#website","url":"https:\/\/sara-suisse.ch\/","name":"sara suisse","description":"Swiss Office Style","potentialAction":[{"@type":"SearchAction","target":{"@type":"EntryPoint","urlTemplate":"https:\/\/sara-suisse.ch\/?s={search_term_string}"},"query-input":{"@type":"PropertyValueSpecification","valueRequired":true,"valueName":"search_term_string"}}],"inLanguage":"fr-FR"}]}},"_links":{"self":[{"href":"https:\/\/sara-suisse.ch\/fr\/wp-json\/wp\/v2\/pages\/694","targetHints":{"allow":["GET"]}}],"collection":[{"href":"https:\/\/sara-suisse.ch\/fr\/wp-json\/wp\/v2\/pages"}],"about":[{"href":"https:\/\/sara-suisse.ch\/fr\/wp-json\/wp\/v2\/types\/page"}],"author":[{"embeddable":true,"href":"https:\/\/sara-suisse.ch\/fr\/wp-json\/wp\/v2\/users\/59"}],"replies":[{"embeddable":true,"href":"https:\/\/sara-suisse.ch\/fr\/wp-json\/wp\/v2\/comments?post=694"}],"version-history":[{"count":14,"href":"https:\/\/sara-suisse.ch\/fr\/wp-json\/wp\/v2\/pages\/694\/revisions"}],"predecessor-version":[{"id":11023,"href":"https:\/\/sara-suisse.ch\/fr\/wp-json\/wp\/v2\/pages\/694\/revisions\/11023"}],"up":[{"embeddable":true,"href":"https:\/\/sara-suisse.ch\/fr\/wp-json\/wp\/v2\/pages\/682"}],"wp:attachment":[{"href":"https:\/\/sara-suisse.ch\/fr\/wp-json\/wp\/v2\/media?parent=694"}],"curies":[{"name":"wp","href":"https:\/\/api.w.org\/{rel}","templated":true}]}}

<!-- This site is optimized with the Yoast SEO plugin v24.8.1 - https://yoast.com/wordpress/plugins/seo/ -->
<title>ARMOIRES ET RAYONNAGES EN MéTAL SWISS MADE - SARA SA</title>
<meta name="description" content="Notre gamme d&#039;armoires garantit ordre et organisation dans tous les environnements de bureau. Découvrez tous les modèles : à rideaux, à portes battantes..." />
<meta name="robots" content="index, follow, max-snippet:-1, max-image-preview:large, max-video-preview:-1" />
<link rel="canonical" href="https://sara-suisse.ch/fr/home/produits/armoires-et-rayonnages/" />
<script type="application/ld+json" class="yoast-schema-graph">{"@context":"https://schema.org","@graph":[{"@type":"WebPage","@id":"https://sara-suisse.ch/fr/home/produits/armoires-et-rayonnages/","url":"https://sara-suisse.ch/fr/home/produits/armoires-et-rayonnages/","name":"ARMOIRES ET RAYONNAGES EN MéTAL SWISS MADE - SARA SA","isPartOf":{"@id":"https://sara-suisse.ch/#website"},"primaryImageOfPage":{"@id":"https://sara-suisse.ch/fr/home/produits/armoires-et-rayonnages/#primaryimage"},"image":{"@id":"https://sara-suisse.ch/fr/home/produits/armoires-et-rayonnages/#primaryimage"},"thumbnailUrl":"https://sara-suisse.ch/wp-content/uploads/2017/10/22/sara_link_post_produkte_bereich_schraenke_und_regale-1200x627.jpg","datePublished":"2017-07-27T16:31:49+00:00","dateModified":"2024-10-07T07:15:04+00:00","description":"Notre gamme d'armoires garantit ordre et organisation dans tous les environnements de bureau. Découvrez tous les modèles : à rideaux, à portes battantes...","breadcrumb":{"@id":"https://sara-suisse.ch/fr/home/produits/armoires-et-rayonnages/#breadcrumb"},"inLanguage":"fr-FR","potentialAction":[{"@type":"ReadAction","target":["https://sara-suisse.ch/fr/home/produits/armoires-et-rayonnages/"]}]},{"@type":"ImageObject","inLanguage":"fr-FR","@id":"https://sara-suisse.ch/fr/home/produits/armoires-et-rayonnages/#primaryimage","url":"https://sara-suisse.ch/wp-content/uploads/2017/10/22/sara_link_post_produkte_bereich_schraenke_und_regale-1200x627.jpg","contentUrl":"https://sara-suisse.ch/wp-content/uploads/2017/10/22/sara_link_post_produkte_bereich_schraenke_und_regale-1200x627.jpg"},{"@type":"BreadcrumbList","@id":"https://sara-suisse.ch/fr/home/produits/armoires-et-rayonnages/#breadcrumb","itemListElement":[{"@type":"ListItem","position":1,"name":"Home","item":"https://sara-suisse.ch/fr/"},{"@type":"ListItem","position":2,"name":"Produits","item":"https://sara-suisse.ch/fr/home/produits/"},{"@type":"ListItem","position":3,"name":"Armoires, Vestiaires et Rayonnages"}]},{"@type":"WebSite","@id":"https://sara-suisse.ch/#website","url":"https://sara-suisse.ch/","name":"sara suisse","description":"Swiss Office Style","potentialAction":[{"@type":"SearchAction","target":{"@type":"EntryPoint","urlTemplate":"https://sara-suisse.ch/?s={search_term_string}"},"query-input":{"@type":"PropertyValueSpecification","valueRequired":true,"valueName":"search_term_string"}}],"inLanguage":"fr-FR"}]}</script>
<!-- / Yoast SEO plugin. -->

ARMOIRES ET RAYONNAGES EN MéTAL SWISS MADE - SARA SA

Notre gamme d'armoires garantit ordre et organisation dans tous les environnements de bureau. Découvrez tous les modèles : à rideaux, à portes battantes...
